5 + -14. What is the tens digit of z(h)?
1
Suppose 0 = -2*a - 4*n + 11244, 62*a + 4*n = 61*a + 5638. What is the thousands digit of a?
5
Let v(b) = -85*b - 348. What is the hundreds digit of v(-13)?
7
Let i(j) = -5*j - 16. Suppose 111 = 7*y + 139. What is the units digit of i(y)?
4
Suppose f + 25607 = 2*t, 4*t - 4036*f = -4032*f + 51224. What is the tens digit of t?
0
Let d(m) = 34*m**2 - 1299*m + 61. What is the hundreds digit of d(43)?
0
Suppose -q + 2*s - 15 = -13, -5*q = -3*s + 3. Suppose q = 49*d - 25*d - 35664. What is the hundreds digit of d?
4
Suppose -5*q - 50 = -3*l, -2*l - l = -q + 2. Let m = q - -16. Suppose m*i + 15 = 45. What is the units digit of i?
0
Let z = 50 + -47. Suppose 0 = -2*i - 2*u + u + 140, -188 = -z*i + 4*u. What is the tens digit of i?
6
Suppose 2*v = 3*k + 169, 0 = -k + 2*k - 3. Let o = v - 78. Suppose -4*d + 2*f + 34 = 0, 0 = 2*d - 5*f - 10 - o. What is the units digit of d?
8
Let n = -13136 + 24619. What is the hundreds digit of n?
4
Suppose 41664 = -17*y + y. What is the tens digit of (-1)/(8/y)*32/24?
3
Let g = -145 - -147. What is the units digit of (635 + -3)/g + -3?
3
Suppose 164 = 2*t - 2*r, 8*t - 4*t = -r + 343. Let q be t - (2 + (-6)/2). Suppose u - q = 1. What is the tens digit of u?
8
Let i(y) = -y**3 + 34*y**2 + 72*y + 1. Let f be i(36). What is the units digit of (-5682)/(-7) + f/(-14)*-4?
2
Suppose 3*o = -4*r + 238416, -o + 25787 = 4*r - 53709. What is the ten thousands digit of o?
7
Suppose 2*c + t + 97 = 5*c, 3*t + 99 = 3*c. Suppose c*v = 37*v - 105. What is the tens digit of v?
2
Suppose 2*l + 5*h = 5*l - 5319, -3*l = 4*h - 5346. Suppose 2*f - o - 860 = 0, -62 = 4*f - o - l. What is the units digit of f?
8
Suppose 24*v + 1189 = -17*v. Let m(i) = -i**3 - 3*i**2 + 5*i - 6. Let h be m(-6). Let a = h - v. What is the units digit of a?
1
Let g be -23 - -28 - (144 - 2)/2. What is the units digit of g/5*(-24 + 19)?
6
Suppose 46*j = 47*j - 1116. Suppose -54*c - j = -55*c. What is the tens digit of c?
1
Suppose 170 = 3*w + 461. Suppose -i - 18 = 4*u, -u + 4*u = -2*i - 31. Let r = i - w. What is the units digit of r?
3
Let s = 8 - -173. Suppose 383 = 12*y - s. What is the tens digit of y?
4
Let u be 3 + (21/(-28))/(1/4). Suppose 3*l + 19 - 361 = u. What is the tens digit of l?
1
Let u(a) = 2413*a - 2100. What is the tens digit of u(14)?
8
What is the thousands digit of (15340/(-3))/(9*(-14)/378)?
5
Let y = -155581 - -228024. What is the units digit of y?
3
Let y = 31803 - 55801. What is the units digit of y/13*(-4)/8?
3
Let l = -1 - -1. Suppose 3*b - 10*b - 182 = l. Let p = 49 + b. What is the tens digit of p?
2
Suppose -o + 2*w - 3*w = 1, 2*o + 5 = -3*w. Suppose -11*u + 2079 = -o*u. What is the hundreds digit of u?
2
Let v(s) = -7588*s + 2647. What is the units digit of v(-7)?
3
What is the units digit of 4*(-176)/(-1) - 15*(-12)/36?
9
Suppose -3*g = 3*a + 24, -6*a = -9*a + 2*g - 44. Let w = a + 399. What is the tens digit of w?
8
Suppose -3*t + 4*a = -84478 + 23127, 102241 = 5*t - 4*a. What is the ten thousands digit of t?
2
Suppose 5*t + 5*n = 1725, t + 3*t = n + 1380. Suppose -16*l + t = -6903. What is the hundreds digit of l?
4
Let m(p) = 44*p - 3. Let c be m(15). Let y = c - -778. What is the hundreds digit of y?
4
Let u(h) = 22*h + 1. Let y = 58 + -59. Let m be u(y). What is the tens digit of (-2325)/m - (-6)/21?
1
Let s(h) = 11*h**2 - 3*h - 1. Let j = -62 + 66. Suppose -j*c = -6*c - 6. What is the hundreds digit of s(c)?
1
Let h(v) = -14089*v**3 - 3*v**2 - 54*v - 52. What is the tens digit of h(-1)?
8
What is the units digit of (-1727)/27*-268 + 676/(-9126)?
2
Let n = 35946 + -18600. What is the tens digit of n?
4
Suppose -2*y + 4*o + 32078 = 3*y, -o = -3*y + 19251. What is the tens digit of (-4)/(-26) + y/26?
4
Suppose -4*i - 764*x + 121312 = -762*x, -151670 = -5*i + 5*x. What is the units digit of i?
0
Let x(w) = -12*w - 192. Let c be x(-16). Suppose 6824 = 4*t - 4*q + 6*q, c = t + 3*q - 1711. What is the thousands digit of t?
1
Suppose 25*f - 35*f + 60 = 0. Suppose -626 = f*i - 1826. What is the units digit of i?
0
Suppose 0 = -2*i - 2*s + 56, -36*i + 35*i = -3*s - 28. What is the tens digit of 20/7*i/24*261?
7
Let x = 20648 - -24722. What is the hundreds digit of x?
3
Let x(i) = -i**3 + 24*i**2 - 19*i - 18. Let w be x(20). Suppose 3*f + f + 492 = 2*y, -3*f = -5*y + w. What is the tens digit of y?
3
Let f(c) = 2*c. Let u be f(20). Let n = u - 36. Suppose p = -n*h + 23, -2*p + 0*h - 2*h + 76 = 0. What is the units digit of p?
3
Suppose 0*l = 3*l + i + 205, 5*i = l + 63. Let x = l - -77. Suppose -x*b + 5 = -4*b. What is the units digit of b?
1
Let m(o) = -487*o**3 + 241*o**3 - 16*o + 6 + 247*o**3 - 2*o**2. What is the hundreds digit of m(9)?
4
Suppose -73*f + 578180 = 9*f + 58218. What is the units digit of f?
1
Let h be -6*(-3 + (-1635)/9). Suppose -h + 109 = -3*m. Suppose 4*u - u = m. What is the tens digit of u?
1
What is the tens digit of (48860 - -7) + 0*(-1)/(-10)*-5?
6
Suppose 42235 = 5*w + d, -4*d + 2637 = 2*w - 14275. What is the units digit of w?
6
Suppose -3*p + 8*p = -t + 509, -4*p = t - 505. Suppose 277*h - t = 276*h. What is the tens digit of h?
8
What is the hundreds digit of (934736/44 - 45) + (-6 - 1)?
1
Let d = 567 - -326. Let v = d + 147. What is the tens digit of v?
4
Suppose -10*f + 21254 = 3*z, 532 = 2*z - f - 13668. What is the tens digit of z?
9
Suppose -19 = 14*o + 10103. Let b = o - -1863. What is the hundreds digit of b?
1
Suppose -4*h + 26*f - 27*f + 7648 = 0, -2*f = 2*h - 3830. Let k = 3075 - h. What is the tens digit of k?
6
Suppose -2*x + s - 7752 = -4*x, 3*x = -3*s + 11628. Suppose 10*m - 4*m - x = 0. What is the hundreds digit of m?
6
Let j(d) = -2*d**3 - 15*d**2 + 12*d - 10. Let f(o) = 4*o**3 + 30*o**2 - 24*o + 19. Let i(a) = -3*f(a) - 7*j(a). What is the hundreds digit of i(-7)?
1
Suppose 26*u - 27439 = 3*u. Let f = u - 385. What is the units digit of f?
8
Suppose -54*f = -3*m - 52*f + 49022, 0 = 3*f - 15. What is the hundreds digit of m?
3
Suppose 0 = -7*j + 119*j - 784. Let q be -1*(1 + 1) - -8. Suppose -5*c = -x - 56, -c + 2*x = q*x - j. What is the tens digit of c?
1
Let k(t) = 11*t**2 + 361*t - 80. What is the thousands digit of k(33)?
3
Let k(q) = 29*q**2 + 190*q - 2581. What is the thousands digit of k(15)?
6
Let w(d) = -d**2 - 50*d + 50. Suppose -4*u + 4*p - 88 = 0, -3*u + p - 2*p - 62 = 0. What is the tens digit of w(u)?
5
Let v = 82 - -6. Let m = v - -86. What is the hundreds digit of m?
1
Let i(h) = -h**3 + 58*h**2 - 91*h + 2. What is the tens digit of i(54)?
5
What is the units digit of (191600/60)/(-2)*(-9)/6?
5
Let n = 5019 + -6. What is the tens digit of n?
1
Suppose -58246 = -5*f - 4*p - 19658, 0 = 3*f - 3*p - 23169. What is the units digit of f?
0
Let r = -75 + 81. Let v be (r - -6)/((-2)/(352/(-3))). Suppose 0 = -4*c + q + v, 0 = -q - 3*q. What is the hundreds digit of c?
1
Let u(s) = 7*s**3 - 44*s**2 + 5*s + 90. What is the thousands digit of u(13)?
8
What is the tens digit of (20 + -21)*(9520/102)/((-4)/54)?
6
Let j(b) = -b**3 + 10*b**2 + 5*b - 2. Let a = -7 + 37. Let p = a - 21. What is the tens digit of j(p)?
2
Let z(u) be the second derivative of -u**3/6 + 20*u**2 + 7*u. Let o(w) = -2*w**2 - 24*w - 22. Let r be o(-11). What is the tens digit of z(r)?
4
Let l be 40*(-9)/(90/(-28)). Let s(j) = 49 - l*j - 98 + 55. What is the units digit of s(-1)?
8
Suppose 2*n = 0, 2*n - 5 - 1 = f. Let r be (-620)/14 + 10/35. Let w = f - r. What is the units digit of w?
8
Let w(k) = 35*k + 2613. What is the tens digit of w(0)?
1
Let n = -73204 - -146091. What is the units digit of n?
7
Let y = -152 - -163. Suppose 1385 = -6*h + y*h. What is the hundreds digit of h?
2
Let h(w) = 1921*w - 3492. What is the tens digit of h(10)?
1
Suppose -4*b + 5967 = 5*b. Let w = 867 - b. What is the units digit of w?
4
Let p = -24950 + 48421. What is the units digit of p?
1
Let q(y) = 126*y**2 + 225. What is the units digit of q(-6)?
1
Let f be ((-90)/50)/((-3)/90). Suppose 0 = -5*b + 20, f = 5*j - 4*b - 460. What is the hundreds digit of j?
1
Let u be (-3)/(-2)*(-5)/(30/(-56)). What is the tens digit of (-1 - (-21)/u)*1354?
7
Suppose 3*q = -2*y - 3410, 0 = 10*q - 12*q - 3*y - 2275. Let c = 1664 + q. What is the tens digit of c?
2
Let s = 160 - -11111. What is the tens di